7. Let c(i) = -i**3 - 9*i + 74*i**2 + 21 - 11*i - 54*i**2. Determine c(h).
2
Let z(k) = k**3 + k + 6. Let v = -27 - -30. Suppose 0 = c - v*c. Let r be c/((3 - 2) + 1). Give z(r).
6
Let g(z) = z**3 + z**2 + z. Let r(v) be the second derivative of 3/20*v**5 + 0 - 14*v + 2*v**2 + 1/6*v**4 + v**3. Let p(b) = -4*g(b) + r(b). Determine p(-3).
7
Let n(u) be the third derivative of u**5/60 - u**4/8 + 247*u**3/6 - 151*u**2. Let g(b) be the first derivative of n(b). Determine g(6).
9
Let s(g) = -28*g**2 - 3 - 21*g**2 + 5 - 6*g + g**3 + 43*g**2. Calculate s(7).
9
Let p(q) = 11*q**3 + 8*q**2 - 8*q + 1. Let a(b) = -3*b**3 - b**2 + b + 1. Let d(k) = 4*a(k) + p(k). Let m be (12 - 9)*1/1. What is d(m)?
2
Let w(j) be the third derivative of j**8/20160 + j**7/504 + j**6/72 + 31*j**5/30 - 5*j**2 + 2. Let s(v) be the third derivative of w(v). What is s(-8)?
-6
Let f(h) = 27*h**2 + 99*h - 126. Let k(m) = -11*m**2 - 40*m + 52. Let s(c) = -5*f(c) - 12*k(c). What is s(-5)?
6
Let j = -552 - -555. Let o(m) = 2*m**2 - 10*m + 4. Determine o(j).
-8
Let a(o) = o**3 - 4*o**2 + 2*o + 2. Suppose 259*b + 134*b = 393. Give a(b).
1
Let z(y) = 9*y - 16. Let q(s) = -2*s - 5. Let t(f) = -3*q(f) - z(f). Determine t(12).
-5
Let v(g) = -52 - 14 - 272*g - 235*g + 502*g. Give v(-15).
9
Let x = 8 - 14. Let s(l) = 3*l**2 + 8*l**3 + 7 + 4*l**2 + 9*l**3 - 8 - l - 16*l**3 - l**2. Calculate s(x).
5
Suppose -3*f + 662 + 1072 = 0. Let j(t) = -t - f + 1167 - 580. What is j(8)?
1
Let a(x) = 23*x**2 - x. Let k(c) = c - 48. Let o be k(46). Let y(l) = 47*l**2 - 2*l. Let h(p) = o*y(p) + 5*a(p). What is h(-1)?
22
Let m(g) = -6*g - 2. Let p(s) = -s**2 + 19*s - 50. Let r(u) = 2*u**2 + 42*u + 56. Let z be r(-20). Let y be p(z). What is m(y)?
10
Let t(v) = -2*v + 19. Let y(a) = -a**3 - 14*a**2 - a - 7. Let p be y(-14). Let w be t(p). Suppose -7*z + 5*z = -w*z. Let m(c) = -c + 2. Give m(z).
2
Let v(u) be the second derivative of u**4/12 - u**3/6 + 7*u**2/2 + 3*u. Suppose 18 + 0 = -3*t - 5*i, 6 = -t + i. Let d be 5/(-30) - 1/t. Calculate v(d).
7
Let h(n) be the third derivative of n**5/60 + 7*n**4/12 - 17*n**3/6 - 1274*n**2. Calculate h(-13).
-30
Suppose 845 = 52*d + 1261. Let x(w) = -w**2 - 6*w + 2. Let h be x(-6). Let r(p) = -12*p + 2*p + p**2 - 4*p**h + 2*p**2 - 11. What is r(d)?
5
Let l(c) be the first derivative of c**4/4 - 3*c**3 + 3*c**2 - c + 1045. Calculate l(8).
-17
Let a = 410 - 366. Let f be -3 + 140/a + 252/66. Let o(z) = z**2 - 6*z - 4. Give o(f).
-12
Let w(q) be the second derivative of 5*q**3/3 + q**2/2 - 15*q. Let g(c) = -36 - 2 - 5 - 4*c. Let x be g(-10). Give w(x).
-29
Let r(c) = -c**2 + 13*c - 31. Suppose 6*x - 167 = -3*n - 128, 2*n = 4*x + 10. Give r(n).
5
Let l(g) = 5*g**3 - 32*g**2 + 57*g - 62. Let o(u) = -57*u**3 + 353*u**2 - 626*u + 681. Let x(i) = -23*l(i) - 2*o(i). Give x(28).
-20
Suppose -4*u - 661 + 671 = 5*b, -13 = 2*b + 5*u. Let h(z) = z**2. Let j(x) = 6*x**2 + 5 - 3*x**2 + 2*x**2 + 5*x. Let n(q) = b*h(q) - j(q). Determine n(6).
1
Let c(o) be the second derivative of o**3/6 + 5*o**2/2 - 4*o + 908. Give c(-7).
-2
Let k(d) = -2*d**3 - 2*d**2 - 7*d + 6. Let h(f) = 4*f - 5 - 4*f + 3*f**3 - 2 + 13*f + 3*f**2 - 2. Let o(r) = -3*h(r) - 5*k(r). Calculate o(-3).
-9
Let v(m) = m**3 - 6*m**2 + 3*m - 9. Let o(t) = 2 + 9*t - 14*t**2 - 26 - 1 - 23*t - t**3. Let c be o(-13). Let l = c - -18. What is v(l)?
9
Let k(c) be the second derivative of -c**5/20 - 41*c**4/12 - 13*c**3/2 + 14*c**2 + 2*c - 886. Determine k(-40).
-12
Let x(z) = z**2 - 6*z + 2. Suppose 6*h - 16 = -5*a, 3*h + 98*a = 96*a + 10. What is x(h)?
2
Let y be 744/248*(-15)/(-6)*-2. Let m(q) = -50*q - 747. Calculate m(y).
3
Let f be ((-6)/18)/((-1)/87*-1). Let y(u) = 4*u + 112. Determine y(f).
-4
Let z(v) = v**3 + 2*v**2. Let n be z(-2). Let r(y) be the third derivative of 1/24*y**4 + 5/6*y**3 - 3*y + 2*y**2 + 0. What is r(n)?
5
Let m(f) = -3*f**2 + 19*f - 3. Let q be (6 - -1)*((-3)/((-63)/(-138)) + 8). Calculate m(q).
-113
Suppose 5*z + 950 = 4*m + 59, 0 = 5*m + 2*z - 1122. Let j = -218 + m. Let a(d) = -10 - 1 - d + 2*d. Give a(j).
-5
Suppose -3*x = -2*l - 12, 3*l + 3 = -x + 6*l. Suppose 0 = -0*h - 2*h - x. Let y(g) = -4*g + 2. Let u(m) = -8*m + 4. Let j(t) = -4*u(t) + 9*y(t). What is j(h)?
14
Let g(s) be the second derivative of -s**6/120 + 4*s**5/15 - 5*s**4/8 + 5*s**3/3 + 33*s**2/2 + 14*s. Let j(p) be the first derivative of g(p). Give j(15).
10
Let v = -643 - -649. Let m(r) = 13 + r + 7*r + v*r + r**2 - 2 - 2. Determine m(-12).
-15
Let b(j) = -j**3 + 3*j**2 - 2*j - 1. Let l(d) = 2*d**3 - 6*d**2 + 3*d + 2. Let y(a) = -5*b(a) - 3*l(a). Let x be y(0). Let o(k) = -12*k**3 + k**2. What is o(x)?
13
Let q(a) = -21*a**2 - 5*a + 9. Let f be q(2). Let u = f + 79. Let r(v) = -v - 1. Determine r(u).
5
Let n(i) be the third derivative of i**5/60 + i**4/2 + 8*i**3/3 + 131*i**2 - 33*i. Give n(-9).
-11
Let k(z) = 8*z + 1. Let x(n) = 5*n + 1. Let f(s) = -2*k(s) + 3*x(s). Let p be ((-21)/14)/((-2)/(-4)). Give f(p).
4
Let h be (31/62)/((-1)/(-6)). Let w(d) = -6 - d**2 + h - 2*d - 1. Let c(z) = -z**2 - 2*z - 4. Let j(y) = -6*c(y) + 5*w(y). Give j(-3).
7
Let m(p) = -18*p + p**3 + 46 - 13 + 55*p - 7*p**2 - 43*p + 35. Determine m(7).
26
Let o(j) = 4*j**3 + 2*j**2 + j - 2. Suppose p - 4*p + 1675 = 5*n, 353 = n - 3*p. Let x = n - 337. What is o(x)?
5
Suppose -4*h = 0, -h = 5*u - 4*h. Let l(x) be the third derivative of 0 + u*x + 1/3*x**3 - 1/24*x**4 + 23*x**2. Determine l(-6).
8
Let z(j) = -3*j**3 + 10*j**2 + 16*j - 21. Let d(k) = 4*k**3 - 9*k**2 - 23*k + 23. Let o(v) = -4*d(v) - 5*z(v). Calculate o(-15).
58
Suppose 3 + 1 = -2*i. Suppose -34*a + 17*a = -51. Let s(g) = -6*g**2 - 7 + 4*g**2 + 2*g**3 + 3 + 2*g + 5 - a*g**3. What is s(i)?
-3
Let f(v) be the second derivative of -v**5/20 + 13*v**4/12 - 4*v**3/3 - 9*v**2/2 + 6*v + 171. Determine f(12).
39
Let l(p) = p**2 + 6*p + 3. Let z(b) = b**2 - 6*b - 6. Let n be (-45 - -50) + -5 + 0. Let m be z(n). Determine l(m).
3
Let j(b) = -12*b**3 + b**2 + b + 1. Let o be 160/(-336)*96/40 - (-2)/14. Calculate j(o).
13
Suppose -1646*c - 220 = -1624*c. Let n(g) = g**2 + 16*g + 12. What is n(c)?
-48
Let v(m) = 13*m - 76. Suppose 3*k - 28 = 2*u, -230 + 186 = -4*k + 4*u. Determine v(k).
2
Let h(p) = 2*p**2 - 8. Let s = 38 - 42. Let n(z) = 3*z**2 - 8. Let v(j) = s*h(j) + 3*n(j). Let i(d) = -d**3 + 14*d**2 + 10*d + 75. Let y be i(15). Give v(y).
8
Suppose -x + 6 + 10 = 3*q, x = -5. Let b(u) = -u**2 + u - 1. Let t(m) = 3*m**2 + m + 2. Let a(f) = 4*b(f) + t(f). Calculate a(q).
-16
Suppose 0 = -5*c - 2*y + 13, c - 25 = y - 7*y. Let n(z) = 8*z**3 - 2*z**2 + z + 1. Calculate n(c).
8
Suppose 61 + 11 = 6*h. Suppose 11*u = 14*u + h. Let q(n) be the third derivative of -n**6/120 - n**5/20 + n**4/6 + n**3/6 - 3*n**2. Calculate q(u).
1
Let z(g) = 34*g**3 - g**2 + g + 1. Let x be ((-8580)/80)/((-9)/(-24)). Let q = -287 - x. Calculate z(q).
-35
Let l(f) = 23*f - 36. Let k(j) = -10*j + 23. Let t(d) = -9*k(d) - 5*l(d). Give t(-1).
-2
Let s(g) = 0*g**2 + 10*g**3 - 17*g**3 + 2*g**2 - 1 + g - g**2 + 12*g**3. Let i = 20 + -19. Calculate s(i).
6
Let y = 3378 + -3388. Let k(i) = 4*i**2 + 38*i + 2. Determine k(y).
22
Let g(d) = -d**3 - d**2 - d. Let r(j) = -16*j - 1. Let t be r(-1). Let s = t - 9. Suppose -s*w - 9 = -3. Give g(w).
1
Let y(x) = -33*x + 36. Let r be y(1). Let s(l) = -188*l**2 + 3*l**3 + 200*l**2 - 9*l - l**r - 11 - 3*l**3. What is s(11)?
11
Let m(s) = 4*s**2 - 8*s - 6. Let a(u) = 9*u**2 - 17*u - 12. Let o(y) = 3*a(y) - 7*m(y). Let n = 962 - 954. Give o(n).
-18
Let k(x) be the third derivative of x**5/30 - x**4/2 + 7*x**3/6 - 1697*x**2. Give k(8).
39
Let c = -179 - -123. Let h = 82 + c. Let u(k) = 42 + k - 17 - h. What is u(-3)?
-4
Let m(k) = -2*k - 4. Let a be m(-3). Let t(n) = a*n**3 - 4*n**2 + 4*n**2 + 3*n - n**2 + 5*n**2. Let w(j) = 14*j**2 - 99*j + 5. Let f be w(7). Calculate t(f).
-6
Let p be -17 + 19 + (-126)/(-14). Let o(g) = 3*g**2 - 37*g + 36. Give o(p).
-8
Let t be (-12)/66 - 57/(-11). Let i(h) = h**2 - h - 1. Let y(p) = 783*p**2 - 5 - 387*p**2 - 10*p - 395*p**2 + p**3. Let j(s) = -5*i(s) + y(s). Determine j(t).
0
Let z(h) be the third derivative of h**7/2520 - h**6/90 - h**5/40 + 55*h**4/24 + 22*h**2. Let a(m) be the second derivative of z(m). What is a(8)?
-3
Let k(g) = 14*g + 0 - g**2 - 13*g**2 - 14 + 2 - g**3